
177
Calculate the greatest common divisor of 42939296 and 3916.
356
What is the highest common factor of 219030 and 3189345?
2235
What is the highest common factor of 60 and 5282004?
12
Calculate the greatest common factor of 692345 and 200.
5
What is the greatest common factor of 2068 and 22403114?
94
Calculate the highest common factor of 25729 and 22726.
11
Calculate the greatest common factor of 17622554 and 1150.
46
What is the highest common factor of 2600 and 12702950?
650
Calculate the highest common factor of 208240 and 3420342.
5206
Calculate the highest common factor of 8512 and 135744854.
266
What is the highest common divisor of 90 and 1140670?
10
What is the greatest common divisor of 15874082 and 15818?
1438
What is the greatest common factor of 2767437 and 3096?
387
What is the highest common factor of 2432254 and 10494?
22
What is the greatest common divisor of 1518 and 5391474?
66
What is the greatest common factor of 1441800 and 1284?
12
What is the highest common factor of 3376 and 115936?
16
What is the highest common divisor of 6396159 and 198?
33
What is the greatest common divisor of 92429 and 42653?
17
Calculate the highest common factor of 94593713 and 1.
1
Calculate the greatest common divisor of 99 and 271535363.
11
What is the greatest common factor of 2496 and 1148394?
78
What is the highest common factor of 260 and 1085708?
52
What is the highest common factor of 3584614 and 550?
22
Calculate the highest common divisor of 39503385 and 135.
45
Calculate the highest common divisor of 14178213 and 4494.
21
What is the greatest common factor of 3436776 and 12?
12
Calculate the highest common factor of 27550 and 45646.
58
Calculate the highest common factor of 183903383 and 109.
109
What is the highest common factor of 8 and 15553784?
8
What is the highest common divisor of 1261104 and 208464?
2064
Calculate the highest common divisor of 50563845 and 1620.
405
What is the highest common divisor of 199434 and 1664358?
258
Calculate the greatest common factor of 161811999 and 13186.
6593
Calculate the greatest common divisor of 270 and 6120468.
54
Calculate the highest common factor of 2180 and 11489908.
436
What is the highest common factor of 61067588 and 244?
244
What is the highest common factor of 169 and 13119067?
13
What is the greatest common divisor of 28253576 and 5142?
1714
Calculate the greatest common factor of 3410778 and 544.
34
Calculate the highest common factor of 99120 and 3165.
15
What is the highest common factor of 131695416 and 2376?
216
What is the highest common factor of 7969 and 4160?
13
Calculate the highest common factor of 308 and 4438973.
77
What is the greatest common divisor of 418749985 and 42165?
4685
What is the highest common factor of 198400 and 1577600?
3200
Calculate the highest common factor of 12644871 and 138.
69
What is the highest common divisor of 63054 and 2097054?
2034
What is the highest common divisor of 20397376 and 506944?
5696
What is the highest common factor of 217651 and 22967?
119
What is the greatest common divisor of 99 and 84447?
99
What is the highest common factor of 728630 and 490?
490
Calculate the greatest common factor of 34068 and 1220937.
501
What is the greatest common factor of 22161 and 634369?
83
What is the highest common factor of 9 and 323200251?
9
Calculate the greatest common factor of 131282624 and 440.
88
Calculate the highest common divisor of 98035 and 12425.
35
Calculate the greatest common divisor of 132722919 and 7434.
3717
Calculate the greatest common factor of 627894000 and 30.
30
Calculate the highest common divisor of 13836 and 5324.
4
What is the highest common factor of 11745 and 593185140?
3915
Calculate the highest common factor of 156240401 and 38.
19
Calculate the greatest common factor of 305 and 6895623.
61
Calculate the highest common divisor of 34397 and 671.
11
What is the greatest common divisor of 381024 and 2560?
32
What is the greatest common factor of 198143 and 8844?
11
Calculate the greatest common divisor of 10410668 and 468224.
7316
What is the greatest common factor of 130779 and 3391047?
99
What is the greatest common factor of 19548185 and 3485?
205
Calculate the greatest common factor of 702 and 4258872.
54
Calculate the highest common divisor of 32357841 and 2955.
591
What is the highest common factor of 155220528 and 29?
29
What is the highest common divisor of 484802 and 22969?
223
What is the greatest common divisor of 80 and 12453260?
20
What is the greatest common divisor of 65610 and 799470?
2430
Calculate the highest common divisor of 167953955 and 65.
65
Calculate the highest common factor of 16226725 and 125.
25
What is the greatest common divisor of 800 and 2435500?
100
What is the greatest common factor of 607117 and 731?
43
What is the greatest common divisor of 24120 and 2826730?
670
What is the greatest common factor of 54170 and 21164219?
5417
Calculate the greatest common factor of 256376 and 54875.
439
What is the highest common factor of 1069734099 and 42?
21
What is the highest common factor of 245726533 and 130?
13
What is the greatest common divisor of 3443447 and 3892?
973
Calculate the greatest common divisor of 14 and 76372982.
14
What is the greatest common factor of 94881456 and 1074?
1074
Calculate the highest common divisor of 1670 and 8418470.
1670
Calculate the greatest common factor of 7857 and 27446247.
873
What is the highest common divisor of 420336 and 5184?
432
What is the highest common factor of 333759166 and 962?
962
Calculate the greatest common factor of 35303 and 404753.
821
What is the highest common divisor of 14 and 10362906?
2
What is the highest common factor of 45085 and 30605?
5
What is the greatest common divisor of 936 and 3591848?
104
What is the highest common factor of 2507 and 452203?
23
Calculate the greatest common factor of 7988267 and 24661.
1897
What is the greatest common factor of 11872 and 46227766?
106
What is the greatest common divisor of 2206 and 9352337?
1103
Calculate the highest common divisor of 225 and 4733307.
9
What is the highest common factor of 19478686 and 38?
38
What is the highest common factor of 26 and 61291728?
2
What is the highest common factor of 2400 and 308775?
75
What is the highest common factor of 512 and 6237952?
256
What is the highest common divisor of 12693160 and 2020?
20
What is the greatest common divisor of 8 and 3200228?
4
Calculate the greatest common divisor of 12175627 and 75475.
3019
Calculate the highest common factor of 1275 and 191582367.
51
What is the greatest common divisor of 449225 and 17425?
425
What is the highest common factor of 6682236 and 11?
11
Calculate the greatest common factor of 442131 and 192.
3
Calculate the highest common divisor of 49137 and 34683.
33
What is the highest common divisor of 2051 and 4742791?
293
What is the highest common divisor of 213201040 and 870?
290
Calculate the greatest common divisor of 16275405 and 20724.
471
What is the greatest common factor of 108 and 130124475?
27
What is the greatest common divisor of 1732368 and 19536?
528
What is the greatest common factor of 1056 and 113643200?
352
What is the greatest common divisor of 7409 and 427?
1
Calculate the greatest common divisor of 5160 and 82980.
60
What is the greatest common divisor of 1679622 and 3768492?
8526
What is the highest common divisor of 92 and 4475760?
4
Calculate the highest common factor of 864378418 and 122.
122
What is the greatest common factor of 25125 and 264315?
1005
What is the highest common divisor of 1118590 and 155474?
22
What is the highest common factor of 939854740 and 21516?
7172
Calculate the highest common divisor of 299719 and 17063030.
911
What is the greatest common factor of 27702 and 7898148?
3078
Calculate the greatest common divisor of 231 and 4219061.
77
Calculate the greatest common factor of 26 and 177690617.
13
Calculate the greatest common divisor of 27424 and 4832.
32
What is the greatest common divisor of 3408 and 798807936?
3408
Calculate the highest common factor of 250264 and 1547.
7
What is the highest common factor of 14801668 and 252?
28
What is the greatest common factor of 16410 and 36039095?
2735
What is the highest common factor of 2843424 and